lculate v(z).
-2
Let m(c) = -c + 7. Let s = 16 + -11. Determine m(s).
2
Suppose -4*r - 12 = 2*y, 5*r + 5 = -y - 10. Let v(q) be the third derivative of -1/24*q**4 + 0 - 2/3*q**3 + y*q - q**2. Calculate v(-5).
1
Let j(d) = d**3 + 2*d**2 - 4*d - 6. Let b be j(-3). Let q(a) = 2 + 2*a + a**2 - a - 5. Calculate q(b).
3
Suppose k + 14 = -3*p, 2*p + 11 = k - 0. Let v be 3*((-2)/(-3))/1. Let a be k + (0 - (-6)/v). Let s(q) = -q**2 + 4*q + 5. Calculate s(a).
5
Let h(r) = 5*r**2 + 2 - r**3 - 5*r + 3 - 2. Let n be (1 - (-6)/(-4))*(-41 + 33). Determine h(n).
-1
Let v = -18 - -17. Let y(m) = 5*m**3 + m. What is y(v)?
-6
Let b be ((-8)/(-5))/(4/120). Suppose -4*k + 16 = b. Let h = -7 - k. Let z(i) = 5*i**2 - 2*i + 1. Calculate z(h).
4
Let g(n) = n**3 + 5*n**2 - 7*n - 8. Suppose -5*k + 0*k = 2*d + 7, -4*d = -3*k + 27. What is g(d)?
-2
Let k(i) = -3*i - 1. Let q(z) = z**3 - z**2 + 2. Let g(n) = 1 + 4 - 1 - n. Let j be g(4). Let u be q(j). Determine k(u).
-7
Let s(d) = -d**3 - 3*d**2 + 4*d + 1. Let y(x) = -5*x + 1. Let j be y(1). Determine s(j).
1
Let f(w) = -w. Let o(s) = s + 1. Let x(r) = -6*f(r) - o(r). Let g be -3 - ((-3)/3 + 0). Let i = g + 3. What is x(i)?
4
Let p(v) = 3*v. Let c(x) = x - 11. Let r be c(8). Let k(f) = f**3 + 4*f**2 + 3*f - 1. Let u be k(r). Give p(u).
-3
Suppose 0 = -3*j + 5*i - i - 3, 4*j = 5*i - 3. Let a(k) be the second derivative of 0 + 5/2*k**2 + 1/20*k**5 + 3*k + 1/3*k**4 - 1/3*k**j. Determine a(-5).
-10
Let q(d) = d**3 - d**2 + d - 4. Let a(r) = -r**2 + 4*r - 2. Let h be a(2). Let t be (0 + 3 + -1)*1. Let y = h - t. What is q(y)?
-4
Let i(m) = m**3 - 5*m**2 + 0*m + 3 - m + 4*m. Let r(j) be the second derivative of -j**3/6 + 6*j**2 + 2*j. Let l be r(8). Determine i(l).
-1
Let c(f) = -6*f**3 + 3*f**2 - 3*f - 3. Let p(a) = 7*a**3 - 4*a**2 + 3*a + 3. Suppose 6 + 6 = n. Let d = n + -18. Let m(u) = d*c(u) - 5*p(u). Calculate m(-2).
-3
Let j = 2 + -2. Suppose r + 4 = -j*r. Let o(g) = -g + 3*g + 3 + 0 + 0. What is o(r)?
-5
Let r(v) be the third derivative of v**5/10 - 11*v**3/6 + 3*v**2. Let l(y) = 3*y**2 - 5. Let z(s) = -13*l(s) + 6*r(s). Determine z(-1).
-4
Suppose 0 = 2*f + 2*h - 4, -5*h - 2 + 10 = 4*f. Suppose 0*d + 6 = f*d. Let q(g) = -g**3 + 3*g**2 + g + 1. Give q(d).
4
Let s(x) be the first derivative of x**2/2 + 7*x + 9. Determine s(-5).
2
Let g(z) be the second derivative of z**5/20 + z**4/3 - z**3 + z**2 + 5*z. What is g(-5)?
7
Suppose -2*d = 3*n + 2*d + 20, 0 = 3*n - 3*d + 6. Let m = -3 + 6. Let f(p) = -2*p - 1. Let x(z) = -3*z - 1. Let u(o) = m*x(o) + n*f(o). What is u(2)?
-1
Let a = -2 - -6. Let z(y) = 3*y + 1 - a + 3. Give z(3).
9
Suppose 2 = 4*u + 6. Let s(k) = -k. Let y(i) = 9*i - 1. Let j(t) = -4*s(t) - y(t). Determine j(u).
6
Let p(m) = m + 1. Let z be p(1). Let o(w) = 1. Let u(k) = -k - 3. Let y(a) = -a - 2. Let g(s) = -3*u(s) + 4*y(s). Let v(x) = z*o(x) - g(x). Calculate v(-2).
-1
Let w(s) be the first derivative of -s**5/20 + 5*s**4/12 + s**2/2 + s - 1. Let x(h) be the first derivative of w(h). Let u = 52 - 47. What is x(u)?
1
Suppose 2*o = 5*w - 30, o + 2 + 4 = w. Let v(y) = -y + 3. Calculate v(w).
-3
Let i(g) = -g**3 + 2*g**2 + 4. Let a = 69 + -66. Calculate i(a).
-5
Suppose 0 = -2*o + o + 1. Let n(b) = -5 - b + 4 + 7 - 5. Give n(o).
0
Suppose -a + 0*s + s = 1, -4*a - 5*s - 13 = 0. Let i(v) = 3 + 2 - 3 - 3*v + 5*v. Calculate i(a).
-2
Let j(s) be the first derivative of -s**4/4 - 5*s**3/3 + 4*s**2 + s - 21. Determine j(-6).
-11
Let s(l) = 2*l - 4. Suppose -4*k - 15 = -2*x - k, 12 = -4*k. Suppose 15 = x*q + m - 2*m, m + 3 = 0. What is s(q)?
4
Let j(d) be the first derivative of -d**4/4 - 2*d**3 - 2*d**2 - 3*d - 2. Let g = -7 + 9. Suppose -5*n + 10 = -0*p - 3*p, 0 = 2*p - g*n + 8. Calculate j(p).
-8
Let h(b) = 16*b - 45. Let l(g) = -12*g + 9. Let d(u) = u. Let s(y) = -9*d(y) - l(y). Let v(j) = 2*h(j) - 11*s(j). Determine v(6).
3
Let i(w) = w + 2. Let y(d) = d**3 - 7*d**2 - d + 7. Let f be y(7). Suppose f = -p - 2*x + 4*x + 3, 4*p = 2*x - 6. What is i(p)?
-1
Let n(u) = 4*u + 3*u - 3*u - 9. Let i(j) be the first derivative of -6*j**2 + 26*j - 5. Let s(a) = 6*i(a) + 17*n(a). Give s(3).
-9
Let i = 10 - 14. Let z(y) = y - 9*y**2 + 3*y**2 - 3 - 3*y**3 + 0*y**3. Let w(b) = -7*b**3 - 13*b**2 + 3*b - 6. Let t(m) = -2*w(m) + 5*z(m). Calculate t(i).
1
Let a be 9/3*(-1)/3. Let t = 1 + a. Let b(l) = -l - 2. Let v be b(t). Let q(p) = p**2 + 1. Calculate q(v).
5
Suppose 4*o - 2*j + 4 = 2*j, 25 = 5*j. Let n(k) = k**3 - 5*k**2 + 3*k + 5. What is n(o)?
1
Let i(o) = 5*o**3 + 5*o**2 + 4*o - 3. Let w(y) = -4*y**3 - 5*y**2 - 4*y + 2. Let k(t) = -3*i(t) - 4*w(t). What is k(-5)?
-19
Let f(h) = -5*h**2 - 7*h. Let p be 3*6/(-3 - 0). Let o(s) = -4*s**2 - 6*s. Let b(i) = p*o(i) + 5*f(i). Give b(-2).
-6
Let k(t) be the first derivative of -t**2/2 + 10*t - 9. Let r(a) be the first derivative of a**3/3 + 7*a**2/2 + 6*a - 2. Let w be r(-6). Calculate k(w).
10
Let m(c) = -c + 6 + 3*c + 0*c. Let g be m(-4). Let d(v) = -2*v**3 - 2*v**2 + 2*v + 3. Determine d(g).
7
Suppose -2 = -4*n + 2. Let z be 4/6 - (-4)/3. Let m(u) = -2*u - z*u - 3*u. Give m(n).
-7
Let d(x) = x**2 - 5*x + 1. Let t = 39 - 33. Calculate d(t).
7
Let f(w) = 9*w**3 - 2*w**2 + w. Suppose 1 = s - z, -4*z - 2 = 4*s - 6. Suppose 3 = 4*i - s. Determine f(i).
8
Let s(j) be the second derivative of 0 + 1/2*j**2 - 1/12*j**4 - 1/6*j**3 + 2*j. Let z be (-26)/8 + (-2)/(-8). Determine s(z).
-5
Suppose -5*t + 7 = -2*t + 2*l, 0 = 2*l - 4. Let y = 1 + -1. Let q(z) = 5*z**2 + y + z + 0. Determine q(t).
6
Let d(r) = -4*r. Let h(v) = 4*v. Let i(t) = 4*d(t) + 5*h(t). Give i(-1).
-4
Let g(b) be the first derivative of 1/20*b**5 + 0*b + 0*b**4 - 1/6*b**3 + b**2 + 2. Let m(n) be the second derivative of g(n). Determine m(-1).
2
Let g(c) = -2*c**2 + 7*c + c + 2 - 15*c + 6*c + 2*c**3. Determine g(1).
1
Let f(y) = 3*y - 1. Let l be (-10)/6 + (-14)/(-21). Let q be l/(-4) + (-6)/(-8). Give f(q).
2
Let p(g) = 10*g - 2. Let d be (-60)/33 + 8/(-44). Give p(d).
-22
Let p(l) = 9*l**2 + 9*l + 2. Let h(q) = -11*q**2 - 10*q - 1. Let w(g) = 4*h(g) + 5*p(g). Suppose -5*y = -3*t - 13, t + t - y = -11. What is w(t)?
12
Suppose -3*f - 13 + 3 = -2*y, 4*y = 3*f + 14. Let x = f - 2. Let r(z) = -2*z + 4*z**2 - 3*z**3 + 4*z**3 + 0*z**3 - 2. Determine r(x).
6
Let k(v) be the second derivative of v**3/2 - v**2/2 + 36*v. Let j(m) = m**2 - 7*m + 5. Let b be j(6). What is k(b)?
-4
Let u = 9/8 - 5/8. Let d(f) be the first derivative of 1 + f**2 + u*f**4 + 2*f + f**3. Determine d(-2).
-6
Let j(g) be the third derivative of g**5/60 - g**3 - 2*g**2. Let q be j(0). Let m(l) = -l**2 - 8*l - 8. What is m(q)?
4
Let u(d) be the third derivative of d**6/120 + d**5/60 - d**4/24 - 2*d**3/3 + 3*d**2. Let v = -10 + 10. Give u(v).
-4
Let n = 3 - 3. Let h(b) = -b. Let v(k) = -k. Let r(z) = 4*h(z) - 3*v(z). Give r(n).
0
Let m(d) = -6 + 2*d**2 - d**3 - 8*d**2 - 4*d + 1. Calculate m(-5).
-10
Suppose 0 = 3*w - 8*w + 10. Suppose -3*q = -w*q. Let s(h) = -9 - 9*h + 4*h + 4*h. Calculate s(q).
-9
Let t(z) = -z + 2. Let p be t(-2). Let j(m) = -5*m**3 - 12*m**2 - 11*m + 7. Let o(c) = 3*c**3 + 8*c**2 + 7*c - 5. Let i(d) = 5*j(d) + 8*o(d). Determine i(p).
-1
Let i(y) be the third derivative of -y**5/60 - y**4/8 - 5*y**3/6 + y**2. Suppose -3*g + 15 = 2*g. Let l be (13 - g)*(-2)/5. Give i(l).
-9
Let r(v) be the second derivative of 6*v - 1/2*v**2 - 7/6*v**3 + 1/12*v**4 + 0. Determine r(6).
-7
Suppose 0 + 3 = 3*x, -2*o = x - 7. Let c(n) = -o + 3*n + 2 + 2. Calculate c(1).
4
Let x be 11 - 16 - 7/(-1). Let f(p) = -p**3 + p**2 + 3*p - 2. Determine f(x).
0
Let b(c) = -c**2 + 4*c + 3. Suppose 5*h = v - 4*v - 3, -5*h = -v + 19. Calculate b(v).
3
Let d(k) be the third derivative of -k**5/6 + k**3/6 + k**2. Suppose -l - 1 = 4, -3*j + l + 11 = 0. Suppose 2*n - j*m = -n - 3, 3*n - 6 = -m. What is d(n)?
-9
Let v be (-64)/2 - 2 - -2. Let y be v/18 + 2/(-9). Let s(c) be the third derivative of c**6/120 + c**5/20 + c**4/6 + c**3/3 + 7*c**2. Calculate s(y).
-2
Let j(g) = -g**2 - 5*g - 4. Let v be j(-3). Suppose -5*z = -3*l + v*l + 6, -z + 6 = -2*l. Let c(d) = 0 - d**2 + 0*d**2 - 1 - 4*d. Determine c(l).
-1
Let h = 0 + -2. Let l(m) = -5*m**2 - 3*m. What is l(h)?
-14
Let b be (2 + 8/(-6))*6. Let i(r) be the third derivative of -r**6/120 + r**5/12 - 5*r**4/24 + 5*r**3/6 - 2*r**2 - 